late y(c).
-19
Let b(k) = -17*k**2 + 84*k - 12. Let z be b(5). Let g(l) = -l**3 - 18*l**2 - 14*l + 53. Give g(z).
2
Let q = 225 + -230. Let j(o) = -o**2 - 4*o + 2. Let v be j(-4). Let x(n) = 6*n - 10*n**2 + n**3 - v*n**3 - 1 + 6*n**2. Determine x(q).
-6
Let y(o) = -o**2 - o + 2. Let g = -192 - -184. Let r be (g/6)/(12/18). Determine y(r).
0
Suppose -2*f + 11*z - 6*z + 87 = 0, -5*f = -5*z - 180. Suppose 28*b = f*b - 9. Let s(g) = g + 3*g**2 + 1 - 5*g**3 + 8*g**3 - 4*g**3. Give s(b).
4
Let z be (25784/858 - 30)*(44 - 5). Let a(u) be the second derivative of -u**4/4 + 5*u**3/6 - 2*u**2 + 2*u. Calculate a(z).
-6
Let j = -208 - -205. Let r(d) = 32*d - 3. Let y(z) = 16*z - 2. Let u(k) = j*r(k) + 5*y(k). Give u(1).
-17
Suppose -30723*p + 30634*p + 534 = 0. Let o(v) = -2*v**2 - v + 2. Calculate o(p).
-76
Suppose -g = 3*k - 14, -22 + 39 = 4*k + g. Suppose 3*l - v = -0*v - 14, 3*l + 30 = -k*v. Let c(u) = -5 - 3*u**2 - 18*u + 24*u + 10*u**2 + u**3. What is c(l)?
-5
Let n(d) = -1403 + 4*d + 467 + 378 + 466. Give n(17).
-24
Let z(t) = 8*t - 2. Let h(u) = 34*u + 17. Let j(i) = h(i) - 4*z(i). Determine j(-5).
15
Let h(o) = 8*o**3 - 2*o**2 - 1. Let j(z) = 33*z**3 - 8*z**2 - 5. Let l(c) = 9*h(c) - 2*j(c). Let p = 794 - 793. Determine l(p).
5
Let h(j) = j**3 + 11*j**2 + 3*j - 6. Let z be -3*(-8)/(-16)*2*(-15)/(-9). Give h(z).
129
Let t(o) = 2*o - 2*o**3 - 987*o**2 - 3*o + 13 + 1027*o**2. Let g be t(20). Let v(b) = b**3 + 6*b**2 - 9*b + 1. Give v(g).
15
Suppose 0 = 3*h - 3, -8*h - 21 = -4*l - 9*h. Let r(s) = -s**3 + 5*s**2 - 5*s + 20. What is r(l)?
-5
Let x(m) be the third derivative of -m**5/60 + 13*m**4/12 - 41*m**3/3 - 150*m**2 - 9*m. Give x(22).
6
Let z(k) be the first derivative of k**2/2 + 23*k + 26. Let f(i) = -1. Let l(t) = 6*f(t) + z(t). Calculate l(0).
17
Let g(a) = a**3 - 6*a**2 + a + 12. Let s be -4 + ((-44)/(-154) - (-122)/14). Calculate g(s).
-8
Let m(d) = -2*d - 1. Suppose 0 = -7*v + 12 + 2. Suppose -5*k + 1 = v*j, -2*k - 40 = 2*j - 32. What is m(j)?
13
Let i(a) be the third derivative of 1/24*a**4 - 7/60*a**5 + 93*a**2 + 0*a - a**3 - 1/120*a**6 + 0. What is i(-7)?
-13
Suppose -6*t + 39 = -5*t + 3*r, 2*r = 5*t - 127. Let o(v) = -13 + 15*v**2 + 13*v**2 - t*v**2 + 6*v + 3*v. Determine o(-11).
9
Let v(o) be the second derivative of o**4/12 - o**3 + o**2 - 8*o. Suppose 5*n = 31 + 34. Suppose -16*w + n*w = -18. Give v(w).
2
Let v(a) = -10*a**3 - 12*a**2 - 31*a - 16. Let d(o) = -28*o**3 - 36*o**2 - 87*o - 48. Let h(z) = -6*d(z) + 17*v(z). Calculate h(6).
-14
Let f(y) = -y**2 + 4*y. Let x be f(2). Let p(s) = -12*s - 58. Let n be p(-5). Let b(z) = 219 - 3*z - 219 + n*z. Calculate b(x).
-4
Let w be 2*(-2)/4 - -11. Suppose -26 + w = -2*d. Let a(m) = -12*m**2 + 16*m + 17. Let u(j) = -17*j**2 + 24*j + 26. Let f(y) = -7*a(y) + 5*u(y). Calculate f(d).
11
Let u(d) = d**2 + 8*d. Let i(h) = -2*h**3 + 18*h**2 + 19*h + 10. Let t be i(10). Let z = 136 + -94. Suppose t = -6*g - 0*g - z. Calculate u(g).
-7
Let w(o) = 4 + 5*o + 3*o - 6*o + 4. Let b = -7 + 13. Give w(b).
20
Let g be 414/(-2277) - (0 - 174/(-11)). Let u(x) = x**3 + 15*x**2 - 10*x - 12. What is u(g)?
-108
Suppose -5*g - 5*z = 24 + 1, -5*g + 4*z - 43 = 0. Let k(v) = -v**2 - 4*v - 12. Determine k(g).
-33
Let o(v) = 307*v - 48. Let p(u) = -17*u + 1. Let b(m) = -o(m) - 18*p(m). What is b(34)?
-4
Let s(q) = -2430*q**2 + 4*q**3 + 2434*q**2 + 12*q + 14 - 6*q**3. Calculate s(4).
-2
Let x(r) = 2*r + 6. Let c(f) = -f**2 - 12*f + 48. Let d be c(-15). Suppose d*y - 8 = -5*h, -5*h = y - 4*h. Determine x(y).
-2
Let w(r) = -15*r + 1. Let c = 233 - 228. Let a(n) = 22*n - 2. Let l(p) = c*a(p) + 7*w(p). Give l(2).
7
Suppose -4*a + 10 + 2 = 0. Suppose 0 = f + 3*l + 1 + 17, 30 = -5*f - a*l. Let w(s) = -2*s + 3. Determine w(f).
9
Let j(r) = -r**3 - 19544117*r**2 + 19544121*r**2 - 14*r - 6 + 5*r. What is j(3)?
-24
Let o(p) = 4*p**2 + 16*p - 27. Let c(y) = -5*y**2 - 23*y + 27. Let z(v) = 5*c(v) + 6*o(v). What is z(-17)?
7
Let n be (-12)/18*312/16. Let f(h) = -h**2 - 9*h + 3. Calculate f(n).
-49
Let t(i) be the first derivative of -i**4/4 + 2*i**3/3 + i**2/2 + 86. Let s(d) = d**3 + 20*d**2 - 2*d - 40. Let a be s(-20). What is t(a)?
0
Let b be ((-12)/(-10))/((-6)/(-15)). Let x be 5 + -4 + (13 - 6). Let i(l) = -9*l - l + x*l - b*l. Determine i(-3).
15
Let c(l) = -4*l - 5. Let u(v) = 5*v + 9. Let g(w) = 15*c(w) + 3*u(w). Give g(-1).
-3
Let s(u) = -11*u**2 + 1831*u + 1832. Let d be s(-1). Let f(t) = -t + 12*t - 2*t**3 - 9*t**2 + t**3 - 5. Determine f(d).
-15
Suppose 5*t - 44 = n, -5*n - 13 = -4*t + 39. Suppose 12 = b + t. Let q(u) = u**3 - 3*u**2 - 1. What is q(b)?
15
Suppose -2*i - 5*g = -33, -3*g = -2*i - 4*g + 21. Let k(a) = -7*a + 36 - i - 13 - 13. Suppose -5*f + 3*y - 8 = 0, -3*f - 2*y = -7*y + 8. What is k(f)?
8
Let b(s) = -337*s + 100*s - 2 + 140*s + 10*s**2 + 124*s. What is b(-3)?
7
Suppose 0 = 4*r - 4*l - 112, -4*l + 14 = r + 6. Let s be (16/r - (-4)/(-6))*-1. Let d(y) = y**2 + y + 14. What is d(s)?
14
Let f(n) = 9*n**2 - 7*n + 8. Let d(p) = -17*p**2 + 12*p - 13. Let z(o) = 3*d(o) + 5*f(o). Give z(-1).
-6
Let n be 1 + 63 + 4 - -4. Suppose -4*m + n = 2*m. Let h(y) = -y - 5 - 5 + m. Give h(0).
2
Let g be (-1998)/3663*(-1 - (-38)/(-6)). Let v(t) = 14*t - 60. What is v(g)?
-4
Let m(n) = -n**2 - 9*n + 20. Suppose -25 = -5*k, -3*v + 4*k - 5*k + 44 = 0. Let c(b) = -b**3 + 11*b**2 + 24*b + 15. Let x be c(v). Give m(x).
-2
Let w be (-1182)/(-4137) - (-18)/10*25/(-35). Let b(v) = -33*v**2 - 4*v - 3. What is b(w)?
-32
Suppose -i - 5 - 3 = 0, 16 = -4*r - 2*i. Let v(n) be the third derivative of 0*n**3 - 1/30*n**5 - 1/24*n**4 - 1/30*n**6 - 27*n**2 + 0 + r*n. Give v(-1).
3
Let j(q) be the second derivative of -q**5/60 - q**4/8 - q**3/6 - 2*q**2 - 5*q - 5. Let g(o) be the first derivative of j(o). Give g(-4).
-5
Suppose -12*i + 610 = -2*i. Let j = i + -65. Let g(r) = 3*r. Let m(l) = -4*l - 2. Let u(p) = -3*g(p) - 3*m(p). Calculate u(j).
-6
Let r(b) = 7*b**2 - 2*b**2 - 1 + b**2 - b**2 + 4*b**2. Let i = -27 - -28. What is r(i)?
8
Let r(k) = -2*k - 1. Suppose -l = 3*l - s - 15, 5*l - s - 20 = 0. Let o(d) = -d. Let z(f) = l*o(f) - 3*r(f). Determine z(3).
6
Let j be (-12)/18*(-9)/(-1). Let z(h) = -25*h**3 + 4*h**2 + 5*h - 28. Let k(i) = 9*i**3 - i**2 - 2*i + 9. Let y(s) = 14*k(s) + 5*z(s). Determine y(j).
4
Suppose 32*k = -2*h + 30*k + 12, -10 = -5*h - k. Let p be ((-2)/(-4)*14)/(h + 0). Let t(n) = 0*n - n**2 - 6*n + 13*n - 6. What is t(p)?
-6
Let f(i) = 32*i - 71. Let j(l) = -147*l + 282. Let h(c) = -9*f(c) - 2*j(c). Determine h(-11).
9
Let l(m) = -3*m**2 + 41*m + 19. Let d = 9821 - 9807. Determine l(d).
5
Let s(m) = 21535 + 116*m**2 - 2*m - 43070 - 115*m**2 + 21538. Let n = 7 + -1. Give s(n).
27
Let t(i) = 34*i**3 + 49*i**2 + 53*i + 480. Let m(s) = -7*s**3 - 10*s**2 - 11*s - 99. Let v(x) = -29*m(x) - 6*t(x). Suppose -1 + 26 = -5*k. Calculate v(k).
11
Suppose 2*c = -2*c + 2*r + 14, -5*c - 4*r - 2 = 0. Let v(q) = -q**2 - 7*q + 26*q - 10*q + c*q**2 + 2. What is v(-8)?
-6
Let m(s) = -8*s. Let o(g) = 33*g. Let k(a) = -15*m(a) - 4*o(a). Let z be 2 + (80/10 - 9). Give k(z).
-12
Let j(p) = 22*p**3 + 4*p**2 + 5*p. Let v(o) = 23*o**3 + 5*o**2 + 6*o. Let d(m) = -6*j(m) + 5*v(m). Suppose -74*y = -67*y - 7. Give d(y).
-16
Let f(k) = 2*k**2 + 23*k - 13. Suppose -34*q - 46*q - 754 = -22*q. What is f(q)?
26
Let i(o) = -25*o - 15. Let n be (2/(-8))/1 + (-17409)/(-3316). What is i(n)?
-140
Let b(h) = -7*h**2 + 21*h - 15. Let r(a) = 22*a**2 - 65*a + 47. Let l(u) = 19*b(u) + 6*r(u). Let q(z) = -3*z + 40. Let t be q(12). Give l(t).
17
Let l(u) = -u + 3. Suppose -2 = -7*g + 6*g. Suppose k - 4 = 4*v - 11, -g*v + 1 = -k. Suppose -4*o + 7 = -c, -4 - 9 = -k*c + 4*o. What is l(c)?
-2
Let y = -31 - -18. Let s = 13 + y. Let q(u) be the third derivative of u**4/24 + 11*u**3/6 - 2*u**2. What is q(s)?
11
Let r(f) = f**3 - 20*f**2 + 17*f + 60. Let j be r(19). Let m(l) = -2*l**2 + 39*l + 109. Give m(j).
-1
Let y(v) be the second derivative of 2*v**4/3 + v**3/6 - 4*v**2 - 102*v - 1. Calculate y(2).
26
Let a be (-7)/((546/12)/13). Let b(j) = 13*j + 20. Calculate b(a).
-6
Let k(y) be the first derivative of y**3/3 + 3*y**2 - 8*y - 12262. Determine k(4).
32
Let b(y) = y**3 - 5*y**2 + 4*y - 5. Let i(v) be the third derivative of -v**6/60 + 3*v**5/20 - v**4/3 + v**3/6 + 41*v**